Let m = l - -3408. Is m a composite number?
False
Let n(r) = 7*r**3 + r**2 - r + 1. Let h be n(1). Let y(p) = 339*p - 5. Is y(h) a prime number?
True
Let h(c) = 3150*c**2 + 40*c + 819. Is h(-16) a prime number?
True
Let w = -215 + 218. Suppose -5*s + 2*c = -641, -c + 2*c = -w. Is s a prime number?
True
Suppose 0 = -2*z - 7 - 21. Let o = 7 + z. Is (262 + 2 + -1)*o*-1 composite?
True
Let h be ((-2)/(-14))/((-24)/(-840)). Suppose -19532 = -r - c, -6*c + c = -h. Is r composite?
False
Let i = -189 - -189. Is ((-2)/(-6) - i)/((-4)/(-2676)) a prime number?
True
Let w(a) = a**3 - 12*a**2 + 15*a - 45. Suppose -5*q - m = -93, -4*q - 2*m = m - 70. Is w(q) prime?
True
Let x be ((-6)/3)/(-1 + -1). Let i = -914 - -932. Let m = i + x. Is m a prime number?
True
Suppose 13*s - 11*s = -6. Let n be (-4 + 6)*(21/(-6) + s). Is ((-1)/(-2) - 0)/(n/(-18642)) a composite number?
True
Let r(o) = o**3 + 24*o**2 + 13*o - 1. Is r(-14) composite?
False
Suppose 21*i + 330009 = 3058182. Suppose -162410 = -11*p + 6*p + 5*r, r = -4*p + i. Is p composite?
False
Suppose 0 = -73*c + 82*c - 541476. Is (-2)/(9 + c/(-6684)) a prime number?
False
Suppose n - a + 376977 = 4*n, 502656 = 4*n - 2*a. Is n a prime number?
False
Let r = -124706 + 299967. Is r a prime number?
True
Suppose s - 56530 = -3*d, -3*d - 5*s = -3*s - 56534. Let r = d - 13113. Is r a prime number?
False
Suppose 0 = -4*g + 5*y + 39, 0 = 5*y + 3 - 28. Is -2 + 20/8 + 244136/g a composite number?
False
Suppose -4*n = -2*m - 7 + 9, -4 = -m - n. Suppose v - 5962 = -m*h, 4*v + v = 5*h + 29750. Is v a composite number?
False
Let z(y) = 4*y**3 - 15*y**2 + 16*y + 11. Let c be z(12). Let r = -3532 + c. Is r prime?
True
Suppose -5*l + 2*n + 1124 = -1354, -3*l - 5*n + 1462 = 0. Is l*((3 - 5) + (-25)/(-10)) a composite number?
True
Let p(g) = 91*g + 20. Let s be p(4). Let v be 18/(-30) + s/15. Suppose 220 - v = 3*z. Is z a composite number?
True
Let x(c) = 2191*c**2 - 122*c + 83. Is x(16) prime?
False
Let j(p) = -5*p**3 + 43*p**2 + 19*p - 1027. Is j(-41) composite?
True
Let v(i) = 812*i + 205. Let w be ((-2)/3)/(18/(-108)). Is v(w) a composite number?
True
Let j(o) be the first derivative of o**6/45 - o**5/40 + o**4/3 - o**3 + 20. Let c(v) be the third derivative of j(v). Is c(-9) composite?
False
Is (1422003/(-27) + (-22)/99)/(-1) prime?
True
Is (3266824/264)/(1/3) a composite number?
False
Suppose -2*z = -6, -38*l = -42*l - 2*z + 46634. Is l prime?
True
Suppose 0*w - 22*w + 2208643 = -492715. Is w a composite number?
False
Let a = -36 - -36. Let y be (0 - (a + 0))*14/(-28). Is -2 - (-1 + y) - -1148 composite?
True
Let v(h) be the second derivative of -73*h**3/2 - 59*h**2/2 + 26*h. Is v(-22) a composite number?
False
Let n(x) = x**2 - x + 1437. Let b = 140 - 140. Is n(b) a prime number?
False
Suppose -60 = -3*l - 5*f, 0 = 3*l + 3*f + f - 57. Suppose -2*h = -l*h - 273. Is (3122/h)/((-4)/30) composite?
True
Let s(o) = 724*o**3 - 3*o**2 - 8*o + 15. Let b(m) = 2*m**2 + 16*m + 26. Let n be b(-6). Is s(n) composite?
False
Suppose -2*w + d = -11478, 3*w - 18131 + 924 = -d. Is w composite?
False
Let a(q) = 74*q**2 + 1394*q - 274. Is a(75) a composite number?
True
Let s(q) = q**2 + 18*q - 2. Let n be s(-18). Let l be (-1 - n) + 7/((-21)/(-6)). Suppose 3*j = 5*b + 2*j - 1858, -3*j = -l*b + 1122. Is b prime?
False
Suppose 4*b + 5*d = -10, 2*d = -b - 0*d - 4. Let s be b + -1 + (5 - 1). Suppose -k = -4*o - 1701, 0 = -3*k + s*o - 0*o + 5085. Is k a prime number?
True
Suppose -149 = -5*x - 2*u + u, 0 = -3*x + 4*u + 71. Let w = 32 - x. Suppose w*d - 789 = -0*d. Is d a composite number?
False
Suppose 2*x - 16988 = 4*z, -5*z - 13577 = x + 7665. Let f(l) = 489*l - 59. Let k be f(-6). Let d = k - z. Is d a composite number?
True
Let g be 649/(-7) - ((-312)/(-84))/13. Let b = 20 - g. Is b a prime number?
True
Suppose m - 8319 = 3*r - 0*m, -8319 = 3*r - 5*m. Let o = -1339 - r. Let h = o + -851. Is h a prime number?
False
Let v be (-324)/28 + (44/28 - 2). Let m be 1044/(-14)*112/v. Suppose 271 + m = p. Is p a composite number?
False
Is (-1 + -663418 + 1)*6/(-12) a prime number?
False
Suppose q + 3*j = 139661, -q + j - 6*j + 139661 = 0. Is q a prime number?
True
Is ((-8)/16*(2 - 1))/((-31)/4894094) a prime number?
False
Is 3107844/63 + -2 + 6/42 + 2 composite?
False
Let a(y) = -13*y**3 + 34*y**2 - 39*y - 131. Is a(-18) prime?
True
Let t(k) = -k**3 - 11*k**2 + 3*k - 11. Let j be t(-12). Let n be (-3)/(-3) + 0 + 1. Suppose 2*u + n*u + 3*a = 374, -u + a = -j. Is u a prime number?
False
Suppose 3*c + 127076 = j + 4*c, 0 = 2*j + c - 254155. Is j composite?
False
Let n(m) = -1386*m - 7. Suppose -4 = g + 4. Is n(g) a prime number?
False
Let f = 503 - 275. Suppose -f + 1404 = 7*r. Is (2/(-3))/((-2)/r) - -1 a prime number?
False
Let c = 1648009 + -1176872. Is c a composite number?
False
Let a = 381804 + 169663. Is a composite?
True
Let j(n) = -n**3 + 38*n**2 - 105*n + 42. Let o be j(35). Suppose 52*g - o*g = 17090. Is g composite?
False
Suppose -6747 = -2*u - 4*f + 60347, 0 = -4*u + 2*f + 134248. Is u a prime number?
False
Let x(g) be the second derivative of 2*g**3 + 0 + 1/2*g**2 + 32*g + 115/12*g**4. Is x(4) composite?
False
Suppose -32 = 5*k - 3*l, -4*l + 3 = -0*k - k. Is (-2)/k - ((-59088)/21 + -5) composite?
False
Let z = -126 - -116. Let v(f) = -4*f**3 - 14*f**2 + 13*f + 37. Is v(z) composite?
True
Suppose -307 + 869 = -i. Let j be (1 - 14/16) + 858/(-3520)*-20. Is (-2 - j/(-10))*i a prime number?
False
Suppose 4*s + 1441647 - 5668817 = -42*s. Is s composite?
True
Let i be (3 + (-1)/1)*-2. Let a = 144 + -235. Let f = i - a. Is f prime?
False
Suppose -10 = 20*y - 110. Is y/15*-6159*(-3 - -2) a prime number?
True
Let f = -5164 + 8627. Suppose -3*l = -2*u - 0*u + f, 4*l - 3470 = -2*u. Is u composite?
False
Let n(b) = 4*b + 8*b**2 + 11 - 3*b + 3*b**2. Suppose 98*k - 797 = -209. Is n(k) composite?
True
Suppose -259862 - 981853 = -15*o. Is o prime?
True
Let o be ((-254)/3)/(28/(-420)). Suppose 197*h + o = 195*h. Let n = h - -1304. Is n prime?
False
Let x(g) = g**3 + 157*g**2 + 48*g - 1597. Is x(-156) prime?
False
Let w(g) = 24791*g**2 - 129*g - 389. Is w(-3) a prime number?
False
Let k = 3776 - 1099. Let y = k - 626. Is y a composite number?
True
Let l(x) = 1622*x**3 - 15*x**2 + 2*x - 4. Is l(3) composite?
False
Let g(k) = k**3 - 10*k**2 - k - 6. Let r be (-13 - -3)*(-1)/1. Let q be g(r). Is 4*-1 + (-2320)/q composite?
True
Let o(k) = -950*k - 47. Suppose 8*f = 4 - 44. Is o(f) composite?
False
Let q(p) = 1936*p**2 - p + 1. Let r be q(1). Let h be 6/(-51) + 13/((-2431)/(-770)). Suppose h*o - 2412 = r. Is o composite?
False
Let p = 422 + -111. Suppose 66 = i - p. Is i prime?
False
Suppose 2*n + 0 = 20. Suppose -n*z + 12*z = -4. Is ((-475)/(-30) - -3) + z/(-12) a prime number?
True
Suppose -3*z - u + 19 = 2*z, -5*z + u = -11. Suppose -z*o = 3*w + 1 - 4, -5*w - 7 = o. Is 257*(-1)/(o - 4) a composite number?
False
Let m(w) = -w**3 + w**2 + 3*w - 4. Let u be m(-3). Suppose b - 19 = 4*o, 0 = 3*b - 6*b - 4*o - u. Is (956/(-3))/(b/(-3) - 1) a composite number?
True
Is (-8 + 10044/(-72))*12476/(-10) prime?
False
Is (-4)/(56/(-1346130)) - (-24)/28 prime?
False
Suppose -5379 + 17510 = 7*h. Let y = h + 10168. Is y a composite number?
True
Let o(f) = 1015*f**2 + 16*f + 1. Let i be o(7). Suppose -9*y + i = 9879. Is y a composite number?
False
Let c(i) = 4*i**3 - 93*i**2 + 44*i + 82. Is c(27) composite?
True
Let a(w) = -w**2 + 7*w - 7. Let v be a(4). Suppose v*f + 27 = -8. Let t(p) = -p - 3. Is t(f) composite?
True
Let y(a) = -1392*a + 145. Let p(i) = 1389*i - 144. Let o(z) = 6*p(z) + 7*y(z). Is o(-11) a prime number?
True
Is 3545889/(-2)*-20*(-43)/(-1290) prime?
True
Let p be (-10)/(-3)*552/(-20)*1. Let n = 219 + p. Is n prime?
True
Let s(o) = -715*o + 34. Let x(b) = -b. Let w(d) = -s(d) - 5*x(d). Is w(4) composite?
True
Is ((-246907)/7)/((-4)/28) a prime number?
True
Let g(d) = 2306*d - 861. Is g(20) a composite number?
False
Suppose -4*y = -y - 5*x + 125661, 2*y + 2*x + 83758 = 0. Let h = y - -83337. Is h a prime number?
False
Let p(f) = 2*f**2 - 33*f + 75. Let x be p(14). Suppose -s - 4535 = -5*j + 1920, x*j - 2*s - 6455 = 0. Is j a composite number?
False
Let w = 836 + -831. Suppose 5*k + 9*c - w*c = 111205, 5*c = 0. Is k a composite number?
True
Let s(h) = -h**3 + 21